- 15. Let l(x) = 4*x + 15. Let z be l(-7). Let s(b) = 48*b + 7. Let c(j) = z*s(j) - 6*y(j). Is c(-6) a composite number?
False
Suppose -3*s + 3423 = 4*b - 2019, 5*b + 3605 = 2*s. Suppose 6*i - 200 = s. Is i a composite number?
True
Is -5 + ((-2170944)/(-320) - 2/10) composite?
False
Let m = 8180 + -4135. Is m a composite number?
True
Let t = -29 + 34. Suppose -4*u + 1206 = t*n - 743, 3*n - 3*u = 1164. Is n a prime number?
True
Suppose -902 + 102 = -5*t. Suppose -s + 0*s + 3*u = -t, -3*s - 5*u = -410. Is s composite?
True
Suppose 23*l - 140909 = 22*l + p, 0 = -2*l - 4*p + 281794. Is l a composite number?
True
Let s = 22972 - 783. Is s a prime number?
True
Suppose -2436 = -7*g + 4235. Is g a prime number?
True
Let b(f) = -58*f**3 - 11*f**2 + 6*f + 2. Is b(-5) a prime number?
True
Let y be (-3 + 1)*6/(-4). Suppose -1623 = -6*n + y*n. Is n a composite number?
False
Is (-23)/((-46)/(-12))*1901/(-2) composite?
True
Let i(l) = -2*l**3 + 8*l**2 - 3*l + 3. Let n be i(7). Let r = -203 - n. Is r composite?
False
Let z(g) = 935*g**3 - 2*g. Is z(1) a prime number?
False
Let d be (-208 - 2)*256/(-10). Let r = d - 3545. Is r a prime number?
True
Let h(f) = f**3 + 3*f**2 + 2*f + 3. Let d be h(-2). Suppose 5*u = 3*u - 8, d*u - 23 = -5*i. Suppose i*t - 381 = 4*t. Is t a prime number?
True
Let h = 17 - 17. Suppose h = -15*g + 17*g - 3194. Suppose 2*l - 2*k = 636, -3*k = 5*l - k - g. Is l composite?
True
Let k(w) = 0*w**2 - 3 + 5*w**2 - 11*w - 4*w**2. Let r be k(12). Let l = -6 + r. Is l prime?
True
Suppose -184*w - 35124 = -196*w. Is w prime?
True
Let v(s) = -78*s**3 + s. Let h(g) = g - 11. Let f(t) = t**2 + 1. Let m be f(3). Let w be h(m). Is v(w) prime?
False
Suppose 5*j - 54 - 6 = 0. Let n(m) = m**2 - 12*m - 3. Let b be n(j). Let c = 54 + b. Is c a prime number?
False
Is (-1)/(3 + 616/(-204)) a composite number?
True
Let i be (-5)/10*-4*1. Suppose q - i*q = -674. Is q prime?
False
Let b(y) = 3*y**3 + y**2 - 3*y + 9. Let f be 10/3 + 3*(-8)/(-36). Is b(f) prime?
False
Let i be -3 + 9 - 2*(-1 + 3). Suppose 3*g = -g - 3*o, -g = -o. Suppose 5*a + 2*k - 1295 = 0, g = -i*k + k. Is a composite?
True
Let w = -11150 + 20749. Is w a composite number?
True
Let n = -53178 + 95957. Is n a prime number?
False
Suppose 0 = -3*w + 28 - 10. Suppose w*q + 1666 = 4912. Is q a composite number?
False
Suppose 3*j = 3*r + 15, 4*j + 52 = -3*r - 2*r. Let w(o) be the third derivative of -5*o**4/12 - o**3/2 - 3*o**2. Is w(r) prime?
False
Let o = 33 + -17. Let z(k) = k + 31. Is z(o) a prime number?
True
Suppose 2*b - 269 = -3*w, 0 = -3*b - 2*w + 5*w + 441. Is b/4 + 2/(-4) prime?
False
Let p be (3 - 3)*3/(-3). Let k = p + -7. Is 2/2 + (k - -343) a composite number?
False
Let n be (8 - 1)*(-2)/(-7). Is ((-4966)/39)/(n/(-21)) a prime number?
False
Suppose -m - 1 = 2*q - 5, 2*m = -2*q. Suppose -q = 4*w - 12. Suppose -358 = -w*c - 0*c. Is c prime?
True
Let t(s) = s**3 - 7*s**2 + 2*s - 9. Let j be t(7). Suppose 5 = 3*x - 4. Suppose j*n - 67 - 91 = -2*h, -n = x*h - 224. Is h composite?
True
Let k = -5 - -8. Suppose 0 = k*f + f + 1404. Let b = -194 - f. Is b a composite number?
False
Let g = 84 + -81. Suppose -4*j + g*d + 822 = d, 2*j - 2*d - 412 = 0. Is j a composite number?
True
Suppose 120 = 3*u - q, -90 = -2*u + 5*q - q. Suppose 10*h - 9 - 251 = 0. Suppose -i = -h - u. Is i composite?
True
Let p(j) = 4542*j + 101. Is p(5) a composite number?
False
Suppose 3*c - c = 2*n - 13132, 32821 = 5*n - 2*c. Is n a composite number?
False
Let v(z) = 183*z + 2. Let d be 1/(((-3)/6)/((-4)/8)). Is v(d) a prime number?
False
Suppose -6*m - 2*m + 64 = 0. Let g(o) be the first derivative of 25*o**2/2 + 15*o - 2. Is g(m) a composite number?
True
Suppose -16*r = -9*r - 13727. Is r prime?
False
Let x(q) = -23*q + 7. Let g(h) = -h. Let p(w) = -w**2 + 2*w - 3. Let j be p(3). Let m(o) = j*g(o) + x(o). Is m(-6) a composite number?
False
Suppose 26*o - 40567 - 76407 = 0. Is o prime?
False
Let w(p) = -p**3 + p**2 + 5*p - 3. Suppose -y = 3*g + 7, -6*y + 2*y + g = -24. Let o be w(y). Let u = o - -121. Is u a composite number?
False
Suppose -3*x + 217 + 275 = 0. Suppose 3*z = -19 + 25. Is 2 + x - 1 - z a prime number?
True
Suppose 19 = -3*x + 67. Let o = -21 + 38. Let f = x + o. Is f prime?
False
Let r = -2578 + 4254. Suppose -3*m - r = -0*f - 5*f, -2*f - 3*m + 683 = 0. Is f composite?
False
Is (-4 - 0) + 1029/7 a prime number?
False
Let n(w) = -w**3 - 6*w**2 - 5*w - 6. Let x be n(-5). Let h(y) = 9*y**3 + 4*y**2 - 3*y. Let t be h(x). Is 6/(-21) + t/(-14) a composite number?
False
Let y(o) = o**3 - 7*o**2 + 4*o + 13. Let p be y(6). Is (-1 + 6 - p/1) + 715 prime?
True
Is -4*(-4)/16 + 1846 a prime number?
True
Suppose 5*d = 3*d + 62. Let a = d + -28. Suppose a*s = -2*w + 333, -3*w + 555 = -0*s + 5*s. Is s a prime number?
False
Let i(s) be the second derivative of -s**3/6 - 5*s**2/2 - 2*s. Let k be i(-9). Suppose -2*y = 5*r - 3*r - 160, 0 = -y - k*r + 89. Is y a composite number?
True
Let o be 355 - -1 - (-16 - -13). Suppose h - 294 = o. Is h a composite number?
False
Let x = 15 + -9. Let o be (-3)/(-2)*(x - -2). Let l = 19 - o. Is l prime?
True
Suppose 0 = -5*t + 5*z + 1490, -6*t - z = -8*t + 601. Is t a composite number?
True
Is 0 + 1 + 13350 + 224/56 prime?
False
Let x = -15793 - -36327. Is x composite?
True
Let b(v) = v**3 - 17*v**2 + 8*v + 13. Let u = -80 - -97. Is b(u) prime?
True
Let s(i) = -1030*i + 27. Is s(-8) a prime number?
False
Let c(d) = -5*d - 1. Let f(j) = 9*j + 1. Let q(a) = 5*c(a) + 2*f(a). Suppose p - 5 + 15 = 0. Is q(p) a prime number?
True
Let g(h) = 3*h**2 + 4*h + 23. Let o be g(-18). Suppose -2173 = -3*f + 5*r + o, 5*r = -4*f + 4093. Is f prime?
False
Let o be 2/(-5) + 1782/55. Suppose -1321 = -3*z + o. Is z a prime number?
False
Let p(i) = 2*i**3 - 17*i**2 - 30*i - 3. Is p(14) composite?
False
Suppose -2*j - j = -162. Let u = j + -84. Is (12/15)/((-4)/u) a prime number?
False
Let x(k) = k**2 - 22*k + 46. Let i be x(20). Suppose i*o = 12*o - 690. Is o a prime number?
False
Suppose -18938 = -13*l + 30345. Is l a prime number?
False
Let r(s) = s**3 + 4*s**2 + 7169. Is r(0) composite?
True
Let g(x) be the third derivative of -23*x**6/120 + x**5/60 - 7*x**4/24 + x**3 - 8*x**2. Is g(-4) prime?
False
Suppose -l + 7 - 5 = 0. Suppose 0 = 3*x + l*r + 8, -4*r - 6 = 4*x + 10. Suppose -2*m - 54 = 2*u - 4*u, x = m - 4. Is u composite?
False
Suppose 25 = -5*r - l, 14 = -3*r - 2*l + 6. Is (-59)/((r/21)/2) composite?
True
Let z be ((-119)/28 - -3)*8/(-1). Let d = 750 - 393. Suppose -7*k - d = -z*k. Is k a prime number?
False
Is (27031/(-5))/((-32)/160) composite?
False
Let y be (-1915)/(-10) - 2/(-4). Suppose 0 = -0*x + 3*x - y. Is 2 + 3/3 + x composite?
False
Let m = -13 - -13. Let d(t) = -t**3 + t**2 + 859. Is d(m) a composite number?
False
Let s(q) = -3*q**3 - 7*q**2 + 8*q + 12. Let r be s(-8). Let m = -689 + r. Is m a composite number?
False
Let y be 3/12*4*151. Suppose 3*t - 683 = y. Let j = -187 + t. Is j a prime number?
False
Suppose 2*z - 3 = -3*w - 4, 3*w + 6 = -3*z. Suppose 0 = -w*f, -m - 3*f + 63 + 55 = 0. Is m a prime number?
False
Suppose 0 = 5*x - 14*c + 13*c - 134218, -4*x = 2*c - 107366. Is x a prime number?
False
Let v be (-1*1 - -14)/(-1). Let r = 259 + -351. Let g = v - r. Is g a prime number?
True
Let l = 12 - 52. Let u = 42 + l. Suppose -x - h = -34, u*x - x - 3*h = 38. Is x a composite number?
True
Suppose -2 + 0 = -z. Suppose -5*j + o = -z*j + 5189, 1731 = -j + o. Let v = -822 - j. Is v a prime number?
True
Suppose 2*k = -w + 30, -128 = -5*w - 4*k + 10. Is w prime?
False
Let w be (-1 - -1) + -4 - -70. Let z = w + -7. Is z a composite number?
False
Let r(h) = -21*h**2 - 11*h - 38. Let n be r(-14). Let y = n + 17223. Is y a composite number?
True
Suppose -m = 3*m - 12. Suppose -m*l + 6 = -0*l. Suppose 0*n + l*n - 614 = 0. Is n prime?
True
Let o(y) be the first derivative of y**4/2 - 4*y**3/3 + 11*y**2/2 - 4*y - 9. Let z(i) be the first derivative of o(i). Is z(6) a prime number?
True
Suppose -n + 1200 = -2*i - 853, -3*n + 6189 = 4*i. Suppose -5*t + p + p = -2047, -n = -5*t - p. Is t composite?
True
Suppose -263033 = -26*i + 225065. Is i composite?
False
Let u(d) = 3*d - 10. Suppose 6*y - 4*y = 8. Let i be u(y). Suppose 5*o = -2*x + 4 + 10, 0 = i*x + o - 14. Is x composite?
False
Is (-2161934